s -18c - 31?
-1bd
In base 8, what is 34047 + -1?
34046
In base 6, what is -144 + -13?
-201
In base 12, what is 309a - 4?
3096
In base 6, what is -2 + -10351?
-10353
In base 5, what is 4 + -1314?
-1310
In base 4, what is -11 - 2020?
-2031
In base 11, what is -5 + -97?
-a1
In base 8, what is 2 + 165?
167
In base 12, what is -46 - 0?
-46
In base 2, what is -101110111101 - 1?
-101110111110
In base 8, what is 32 - -16?
50
In base 5, what is -11 - -3?
-3
In base 16, what is 0 + 15df?
15df
In base 6, what is 10 + -10445?
-10435
In base 11, what is -638 - 1?
-639
In base 3, what is -2 + -101012?
-101021
In base 2, what is -10101010 - -11?
-10100111
In base 9, what is 5 - -17?
23
In base 15, what is -45 - 1?
-46
In base 6, what is -3 + -1504?
-1511
In base 5, what is 3 - 122?
-114
In base 16, what is -4 - -15?
11
In base 6, what is -140 + -13?
-153
In base 6, what is -1 + 2114?
2113
In base 6, what is 304 - 104?
200
In base 5, what is -2 + -212?
-214
In base 9, what is -117 + 5?
-112
In base 2, what is 10011010 + -10?
10011000
In base 3, what is 12 - -201210?
201222
In base 4, what is -12 - 33213?
-33231
In base 6, what is -211 + -43?
-254
In base 13, what is c1 - -2?
c3
In base 2, what is 10 + 1100111110?
1101000000
In base 9, what is 1 - 536?
-535
In base 3, what is 20 + -12022?
-12002
In base 15, what is 2 + -3d6?
-3d4
In base 6, what is -52224 + 0?
-52224
In base 13, what is -2 + 54?
52
In base 9, what is -4 + -1546?
-1551
In base 15, what is 5 + 468?
46d
In base 13, what is 3 + -6a5?
-6a2
In base 8, what is 201 - -57?
260
In base 12, what is -2 + -b48?
-b4a
In base 15, what is 5 - 23?
-1d
In base 10, what is -20 - 6?
-26
In base 15, what is 4 - -2a0?
2a4
In base 16, what is -c2 - -2?
-c0
In base 12, what is 211 + -19?
1b4
In base 11, what is 49 - 2?
47
In base 8, what is 5 + -1002?
-775
In base 5, what is -11 - -24?
13
In base 5, what is -3 - 130?
-133
In base 4, what is -131 + -121?
-312
In base 12, what is 4 - 245?
-241
In base 7, what is 11055 - -1?
11056
In base 5, what is -100 + -2214?
-2314
In base 2, what is 11100 + -10000?
1100
In base 11, what is -5 - 634?
-639
In base 15, what is -348 + 5?
-343
In base 9, what is -1034 + -5?
-1040
In base 14, what is -3 - 1a?
-1d
In base 11, what is 5 - 21a?
-215
In base 16, what is 0 + -1c?
-1c
In base 16, what is -8aa - -4?
-8a6
In base 3, what is 1011021 - 12?
1011002
In base 5, what is -3 + -1220?
-1223
In base 5, what is 141 + 4?
200
In base 16, what is 5 - 10f?
-10a
In base 15, what is -129 + 0?
-129
In base 12, what is -93b + 1?
-93a
In base 12, what is -9 + -1352?
-135b
In base 13, what is 81 - 1?
80
In base 8, what is 7 - -5?
14
In base 7, what is 342 - 24?
315
In base 6, what is 25 - -2?
31
In base 9, what is 32 + 5?
37
In base 5, what is -13 - -12?
-1
In base 4, what is -2 + 31213?
31211
In base 8, what is -710 - 5?
-715
In base 9, what is -3 + 801?
787
In base 5, what is -1 - -314?
313
In base 9, what is 2 + 56?
58
In base 8, what is -5 - -2745?
2740
In base 5, what is 3332 - -3?
3340
In base 14, what is 4 + 3?
7
In base 16, what is 65 + 40?
a5
In base 11, what is 313 + 4?
317
In base 9, what is 0 - 1361?
-1361
In base 8, what is -2 + 1530?
1526
In base 2, what is -101 + -1000110111?
-1000111100
In base 14, what is 1b5 + -3?
1b2
In base 14, what is 29 + 3c?
67
In base 4, what is 1 - -1031?
1032
In base 13, what is 45 - 1?
44
In base 12, what is 1111 + -5?
1108
In base 15, what is -3 + -4e?
-52
In base 9, what is -38 + 30?
-8
In base 7, what is 5 + 25634?
25642
In base 5, what is 242 + 2?
244
In base 12, what is 7 - -1?
8
In base 15, what is -3 + -320?
-323
In base 14, what is 10ad - -5?
10b4
In base 10, what is 405 + -43?
362
In base 9, what is -8600 - 3?
-8603
In base 12, what is 8 + 39?
45
In base 6, what is -12 - 2053?
-2105
In base 13, what is -262 + -12?
-274
In base 10, what is -5 + -246?
-251
In base 8, what is 20 + -64?
-44
In base 4, what is 331 + 11?
1002
In base 4, what is 3 - -102220?
102223
In base 3, what is 2021 + 0?
2021
In base 5, what is 103 - 1021?
-413
In base 13, what is -4 - 349?
-350
In base 9, what is -2 + 538?
536
In base 9, what is 0 - -1223?
1223
In base 15, what is 5 - 29?
-24
In base 11, what is 1527a - 0?
1527a
In base 2, what is -11111110 - -10?
-11111100
In base 11, what is 6194 + 4?
6198
In base 2, what is -11 - 110000?
-110011
In base 13, what is 16 + 28?
41
In base 7, what is 5 + -13?
-5
In base 8, what is 710 - -1?
711
In base 8, what is 1321 + -10?
1311
In base 8, what is 10 + 1051?
1061
In base 14, what is -ad0 + 1?
-acd
In base 7, what is -16 - -326?
310
In base 10, what is -125 + 0?
-125
In base 3, what is 2101 - 0?
2101
In base 14, what is 32 - 0?
32
In base 3, what is -12 - -2?
-10
In base 12, what is -11 + 19?
8
In base 6, what is 111 + -12?
55
In base 7, what is 0 - 23?
-23
In base 6, what is -511 + 23?
-444
In base 14, what is -18 - -5?
-13
In base 15, what is 23d - 4?
239
In base 5, what is 30 + 0?
30
In base 3, what is 2 + -1020?
-1011
In base 3, what is -10 - 22200010?
-22200020
In base 13, what is -11c36 + 3?
-11c33
In base 16, what is -5 + -6a?
-6f
In base 8, what is -2 + 1727?
1725
In base 11, what is -36 - 7a?
-105
In base 5, what is -2013134 - 1?
-2013140
In base 2, what is -100001010 + -100?
-100001110
In base 8, what is -34 - -55?
21
In base 12, what is 3 - -27b?
282
In base 10, what is -346 + -4?
-350
In base 11, what is 8 - -39?
46
In base 12, what is 3244 + 2?
3246
In base 4, what is -1 - 122013?
-122020
In base 13, what is -38b0 - 2?
-38b2
In base 15, what is -89 + 0?
-89
In base 12, what is -4 + -aa?
-b2
In base 6, what is 541 + -2?
535
In base 2, what is 1000010 - 111?
111011
In base 11, what is 106 - 12?
a4
In base 3, what is -102 + -22?
-201
In base 13, what is -8 - -b?
3
In base 4, what is 130 + -10213?
-10023
In base 10, what is 5 - -105?
110
In base 4, what is 210 - -1?
211
In base 7, what is -104 + -100?
-204
In base 5, what is -10 + 1003?
443
In base 12, what is 4 - -b7?
bb
In base 4, what is -2330 - 10?
-3000
In base 6, what is 5421 - 2?
5415
In base 16, what is -114 - 1?
-115
In base 14, what is 829 - 0?
829
In base 11, what is 5 + -1a43?
-1a39
In base 14, what is 1 + 4a?
4b
In base 11, what is 10a4 + -4?
10a0
In base 15, what is -6 - -103?
ec
In base 16, what is -6 + ca?
c4
In base 13, what is 11 + 18?
29
In base 2, what is 110111001100 - -11?
110111001111
In base 11, what is 6512 + -1?
6511
In base 6, what is -11 + -15031?
-15042
In base 8, what is -4 + -11211?
-11215
In base 7, what is 226 - 33?
163
In base 15, what is -115 - -3?
-112
In base 10, what is 37 - 13?
24
In base 5, what is 3 - -13120?
13123
In base 9, what is 2 + -54?
-52
In base 2, what is 100001011 + 100?
100001111
In base 10, what is 0 + -29?
-29
In base 10, what is -290 + -8?
-298
In base 12, what is b31 + 0?
b31
In base 15, what is -2 + -55?
-57
In base 3, what is -12 + -220201?
-220220
In base 5, what is -32 + -103?
-140
In base 15, what is 1 - -1d4?
1d5
In base 11, what is 2 + 273?
275
In base 9, what is -5 - -37?
32
In base 5, what is 10 + -1114?
-1104
In base 15, what is 1e37 - -2?
1e39
In base 3, what is -2001 - -202101?
200100
In base 9, what is 11 - -174?
185
In base 11, what is -575 - a?
-584
In base 8, what is -2644 + 11?
-2633
In base 12, what is -618 - 0?
-618
In base 10, what is -14 - 50?
-64
In base 5, what is -1114 - 3?
-1122
In base 6, what is -4 - 23134?
-23142
In base 2, what is 111001110010 - -11?
111001110101
In base 5, what is -311 - -4?
-302
In base 3, what is -2001 - -22011?
20010
In base 13, what is -10 - -479?
469
In base 11, what is 0 + 1516?
1516
In base 11, what is 10a + -5?
105
In base 6, what is 1 + 3050?
3051
In base 11, what is -5 + 38?
33
In base 2, what is -11000001 + -101100?
-11101101
In base 6, what is -3 + -154?
-201
In base 14, what is 868 + b?
875
In base 3, what is -10101010 + 2?
-10101001
In base 9, what is 2 + -50?
-47
In base 12, what is 2 + -57?
-55
In base 4, what is 1231 - -112?
2003
In base 10, what is -1115 + 4?
-1111
In base 8, what is 33 + 20?
53
In base 15, what is -e - 4aa?
-4b9
In base 8, what is 34 + 31?
65
In base 2, what is 1011011100 + 0?
1011011100
In base 4, what is 1130 - 20?
1110
In base 9, what is 6 - -1555?
1562
In base 16, what is 534 + 5?
539
In base 5, what is 142 - 314?
-122
In base 